 3/(-30) + 513/30.
15
Let j be (6 - 2) + 17 + -1. Let v be ((-42)/(-35))/((-6)/j). Calculate the remainder when 2664/63 - v/(-14) is divided by 15.
12
Let g = -354 + 371. Calculate the remainder when 45 is divided by g.
11
Suppose -4*n - 33 = 67. Let r = 38 + n. What is the remainder when 50 is divided by r?
11
Let x = 22 + -46. Let s = x + 51. Suppose -4*n - 5*m + 25 = 0, -m = -3*n - 0*n + 14. Calculate the remainder when s is divided by n.
2
Let q = 86 + -74. Suppose 4*c + 5*y = y + 196, 4*c - 186 = -2*y. Calculate the remainder when c is divided by q.
8
Let m(j) = 17*j - 12. Let z(p) = 16*p - 11. Let n(q) = -3*m(q) + 4*z(q). Calculate the remainder when n(10) is divided by 25.
22
Let f(z) = -z**2 + 9*z + 8. Let r be ((-7)/2)/((-1)/2). What is the remainder when f(r) is divided by ((-16)/6)/((-2)/9)?
10
Let j = 13 + 6. Suppose -4*w + 4*u = -u - 3, -2*u - 6 = 0. Calculate the remainder when j is divided by (-32)/w + (-22)/33.
9
Let m(j) = 5*j**2 + 4*j + 2. Let u = -6 - -4. Calculate the remainder when ((-50)/(-4))/(7/(-28)*-2) is divided by m(u).
11
Suppose -2*r - 3*l = 141, -r - l = 74 - 5. Let c = -24 - r. Calculate the remainder when c is divided by 46/4 - 2/4.
9
Let c(v) be the third derivative of v**4/8 - v**3/3 - 5*v**2. Let p be c(4). Calculate the remainder when 17 is divided by 5/(p/(-4)) - -8.
5
Let m = -179 - -220. Calculate the remainder when 105 is divided by m.
23
Let g(m) be the second derivative of -m**4/12 - 4*m**3/3 + 27*m**2/2 - 43*m. Calculate the remainder when g(-8) is divided by 21.
6
Suppose 6 = 2*p + p. Suppose p*w - 8*w = -234. Calculate the remainder when w is divided by 10.
9
Suppose 4*n + 11*m = 37, 5*n - 2*m = -7*m + 90. What is the remainder when 183 is divided by n?
22
Suppose -19*s + 13*s = 0. Let i(h) = -h**2 + h + 38. Calculate the remainder when i(s) is divided by 14.
10
Let y = -295 - -325. What is the remainder when 88 is divided by y?
28
Let d = 58 + -58. Suppose 14*r - 16*r + 148 = d. Calculate the remainder when r is divided by 20/2*3/2.
14
Let l(u) = -2*u**3 - u**2 - 3*u - 3. Calculate the remainder when l(-3) is divided by (-9 - -5) + 3 - (-15 - -1).
12
Let k = -32 - -37. Let f(c) = -c**2 + 7*c. Calculate the remainder when f(k) is divided by 2.
0
Suppose -12 = 5*s - 42. Suppose -s*k = -5*k - 16. Suppose b - 2*p - 70 = -0*b, -2*p = 4*b - 240. What is the remainder when b is divided by k?
14
Suppose 2*l - 52 = 5*o, -7*o = -8*o. What is the remainder when 77 is divided by l?
25
Let c = 34 + 21. Suppose -l = 5*t - 24, 4*t + 5*l - 15 = -0. Suppose c = 2*h + v, 10*h - 155 = t*h + v. Calculate the remainder when h is divided by 8.
6
Suppose -3*g + 2*g = -12. What is the remainder when ((-682)/(-279))/(2/18) is divided by g?
10
What is the remainder when 1075 is divided by (10/3)/((-115)/(-1242))?
31
Let u be -4*(-27)/(-42)*(-14)/1. Suppose 2*h = -h + 5*q + u, 54 = 3*h + q. What is the remainder when h is divided by 10?
7
Let r be (2 - 3) + (-1 - -7). Suppose 3*v - 5 + 11 = -3*a, -r*a = -v + 28. Suppose -2 = 2*c - 8. Calculate the remainder when c is divided by v.
0
Suppose 17*n - 11*n - 4476 = 0. What is the remainder when n is divided by 34?
32
Let m be (4*1/(-6))/(2/(-51)). What is the remainder when 293 is divided by (34/m)/((-4)/(-74))?
34
Suppose w - 36 = -y, -y + w = -0*w - 32. Suppose 7 + 4 = a + 4*f, -2*a + y = 4*f. Calculate the remainder when ((-8)/24)/((-1)/201) is divided by a.
21
Suppose -2*o + 2*p + 90 = 0, 2*o + 5*p = 6*o - 184. Suppose -o = -3*x + 49. Let a = 37 - 21. Calculate the remainder when x is divided by a.
14
Suppose 462 = 36*x - 1878. What is the remainder when 138 is divided by x?
8
Suppose 0 = 2*t - 21 - 15. What is the remainder when 63/t*232/14 is divided by (5/4)/(2/24)?
13
Let c(v) = 2*v**3 - 4*v**2 + 3*v - 5. Let o be c(4). Let r = o + -14. Calculate the remainder when r is divided by 16.
9
Let g be 7 + (4 - 3) - 3. Suppose 50 = g*h - 0. What is the remainder when h is divided by 4?
2
Let q(y) = y**2 - 5*y + 9. Suppose 0*l + 4*w = 2*l + 8, -9 = -4*l + 3*w. Let p be q(l). Let b = p - -3. What is the remainder when 68 is divided by b?
14
Suppose 4*j = 2*r + 32, 5*j + 11 = 1. Let d(l) = 9*l**2 + 6*l + 6. What is the remainder when d(-2) is divided by -2 - r/(-3 + 5)?
6
Let n(p) = -2*p. Let c be n(3). Calculate the remainder when 25 is divided by c/9*18*9/(-12).
7
Let w = 469 + -465. Calculate the remainder when 50 is divided by w.
2
Let a(b) = -b**2 + 22*b - 34. Calculate the remainder when a(4) is divided by 12.
2
Suppose 7*i = 12*i - 120. Calculate the remainder when 65 is divided by i.
17
Suppose -109 = -5*o + 56. What is the remainder when 157 is divided by o?
25
Suppose -4*x - 3 + 11 = 0. Suppose -x*a + 3*a - 1 = 2*f, -3*a + 21 = 3*f. Calculate the remainder when 6 is divided by a.
1
Suppose -27*m + 33*m - 390 = 0. What is the remainder when 75 is divided by m?
10
Suppose -53*b + 52*b + 272 = 4*j, 5*b + 89 = j. Calculate the remainder when 135 is divided by j.
66
Suppose 0 = -2*l + 4, a = 3*l + 2*l - 7. Suppose -a*m + 45 = -6*m. Calculate the remainder when 2 is divided by 1 - 3 - m/5.
0
Let y = 4 - -10. Suppose -4*d + 341 - 125 = 0. Calculate the remainder when d is divided by y.
12
Let f = 74 - -31. Let s = f - 73. What is the remainder when 92 is divided by s?
28
Let o(z) = -2*z + 3. Let p(t) = -7*t - 98. What is the remainder when o(-5) is divided by p(-15)?
6
Suppose 0 = -8*x + 3*x + 10. Suppose -30 = 7*j - x*j. Calculate the remainder when 58 is divided by (-222)/(-11) - j/(-33).
18
Suppose 0*k - 320 = -4*k. Let g be (-40)/70*(52/(-8) - 4). Suppose 0 = 10*a - g*a - k. What is the remainder when 97 is divided by a?
17
Suppose 17*t + 272 - 1037 = 0. Calculate the remainder when 100 is divided by t.
10
Suppose 0 = -35*f + 52*f - 68. Calculate the remainder when 54 is divided by f.
2
Suppose -3*z + 4*g + 441 = -g, 0 = 4*z + 4*g - 620. Calculate the remainder when z is divided by 75.
2
Calculate the remainder when (-177)/(-9) - ((-138)/(-18) + -7) is divided by 10.
9
Suppose 382*q = 398*q - 13392. Calculate the remainder when q is divided by 30.
27
Let p(f) = f**3 - 5*f**2 + 5*f - 5. Let s be p(5). Suppose 3*d = -2*d + s. Suppose -d*r + 28 - 8 = 0. What is the remainder when 7 is divided by r?
2
Let c(f) = 7*f**2 - 7*f - 45. Calculate the remainder when c(-11) is divided by 68.
63
Let n = -53 - -132. Let g = 2639 - 2599. What is the remainder when n is divided by g?
39
Let z(b) = -b**2 + b + 7. Let a be z(6). Let y = 33 + a. Let o = 24 - -5. What is the remainder when o is divided by y?
9
Let n = -684 + 699. What is the remainder when 222 is divided by n?
12
Let t be 2 + 1 - (-72)/9. Let x = t - 9. Suppose 0 = 2*c - x*s - 20, s = -c - c + 29. Calculate the remainder when 24 is divided by c.
11
Suppose 0 = 4*x + 4*a, 3*x + a - 35 = 5*a. Let o = 32 + -23. Let v = o - -5. What is the remainder when v is divided by x?
4
Let g(w) = -3*w + 1. Suppose -27*z = -22*z - 15. Let d(h) = 3*h**3 + 2*h**2 - 3*h. Calculate the remainder when d(z) is divided by g(-10).
28
Let d(b) be the second derivative of -5*b**3/2 - b**2/2 - 4*b. Calculate the remainder when d(-4) is divided by 15.
14
Suppose 11*m - 2031 - 631 = 0. Calculate the remainder when m is divided by 3.
2
Let s be ((-12)/(-18)*-2)/(4/(-18)). What is the remainder when 35 - (-3)/(s/(-10)) is divided by 18?
12
Suppose -120 = -l - 42. Let f = -61 + l. What is the remainder when 25 is divided by f?
8
Let s(c) = -c**3 + 13*c**2 + 30*c + 26. What is the remainder when 75 is divided by s(15)?
23
Let m(w) = -7*w + 657. Calculate the remainder when m(0) is divided by 160.
17
Let t(c) = -c**2 + 17*c - 17. Calculate the remainder when t(13) is divided by 9.
8
Calculate the remainder when 292 is divided by 228/4 + (18/2 - 7).
56
Suppose 4*r + 28 = g, g + 4*r - 28 - 40 = 0. Let q be g/(-18)*(-279)/12. Suppose -3*m + 5*m = q. Calculate the remainder when m is divided by 11.
9
Let w(z) = -23*z - 81. Calculate the remainder when 75 is divided by w(-4).
9
Suppose -2*g - 1904 = -3*u, 6*u - 5*g + 3190 = 11*u. Calculate the remainder when u is divided by 64.
60
Let f(q) = -15*q**2 + 22*q - 25. Let b(z) = 5*z**2 - 7*z + 8. Let l(h) = 7*b(h) + 2*f(h). Calculate the remainder when l(3) is divided by 13.
10
Suppose -4*q = -2*a + 3*a - 1967, 0 